mainder when 6 is divided by g.
1
Suppose 0*z = -2*z + 20. Calculate the remainder when 18 is divided by z.
8
Let d(b) = 8*b + 3. Suppose -3*c + c + 4 = 4*i, -15 = -i + 3*c. What is the remainder when d(i) is divided by 14?
13
Suppose 0 = -5*c + 2*c + 54. Let y = c + -5. Calculate the remainder when 49 is divided by y.
10
Suppose 5*u - 108 = 287. Calculate the remainder when u is divided by 20.
19
Let u = -9 + 33. Suppose -3*r = -2*r - u. Let x = 2 - -45. What is the remainder when x is divided by r?
23
Suppose -14 = y - 3*y. What is the remainder when 16 is divided by y?
2
Let y = 38 + -21. What is the remainder when 50 is divided by y?
16
Let u(z) = 5*z**3 - 4*z**2 - z + 3. What is the remainder when u(2) is divided by 11?
3
Let z(k) = -k**3 - 11*k**2 - 9*k + 12. Let q be z(-10). Let x be (-19)/5 + q/(-10). Calculate the remainder when 10 is divided by 12/x + 1 + 6.
2
Let q be 12/(-8)*(-61 + 1). Suppose -h - q = -0*h + 5*f, -4*h + f = 318. Let z = h + 120. What is the remainder when z is divided by 14?
12
Let b = 66 + -26. Suppose -42 = -3*y - 0*y. What is the remainder when b is divided by y?
12
Let n(o) be the third derivative of -o**4/24 + 17*o**3/6 + o**2. What is the remainder when 21 is divided by n(9)?
5
What is the remainder when 9 - 10 - 318/(-2) is divided by 20?
18
Suppose 0*x - 4*x = -64. Calculate the remainder when x is divided by (5/(-10))/(2/(-12)).
1
Let s(m) = m**3 - 4*m**2 + m - 1. Suppose 2*l = 4*u - 8, -5*l - 3 = 2*u - 19. Let w be s(u). Let o = 22 + w. What is the remainder when 29 is divided by o?
14
Let t be 4/(-18) - 376/(-72). Let q be ((-105)/(-2))/t*2. Suppose -4*i - q = -5*i. What is the remainder when i is divided by 11?
10
Suppose 2*j = -4*w + 30, 3 = w + j - 6. Suppose 0*k - 5*k = 4*t - 84, 0 = t - 5*k - 21. Calculate the remainder when t is divided by w.
3
Let o(h) = -h**3 - 2*h**2 + 8*h + 4. Calculate the remainder when o(-5) is divided by 21.
18
Let y be -1 + (-2)/(-4)*8. Suppose -i + 5*o + 6 = 0, -y*i + 0*i - 5*o + 58 = 0. Calculate the remainder when 46 is divided by i.
14
Calculate the remainder when (-32)/(-2*(-4)/(-16)) is divided by 22.
20
Let z be (3/(-6))/((-1)/(-10)). Let u = z - -10. Calculate the remainder when 13 is divided by u.
3
Suppose -q = -j - 3*j + 51, -3*q + 57 = 3*j. Calculate the remainder when j is divided by 8.
6
Suppose -8 - 10 = -6*x. Suppose x - 12 = 3*n, 0 = 3*r + 2*n - 48. Calculate the remainder when 71 is divided by r.
17
Let c be 25*-1*(-3 + 2). Suppose 35 = 5*v - 3*x - c, -4*x = -4*v + 48. Calculate the remainder when v is divided by 7.
5
Let g(f) = -36*f**3 + f + 1. What is the remainder when g(-1) is divided by 13?
10
Let m(h) = 2*h + 4. Let r be -5*5/(75/(-36)). Suppose -r = -g - 1. What is the remainder when m(8) is divided by g?
9
Let s(z) = -z**2 - 9*z - 6. Let n be ((-36)/16)/((-3)/(-8)). Calculate the remainder when 22 is divided by s(n).
10
Let b(v) = v**3 + 6*v**2 + 5*v. Calculate the remainder when 16 is divided by b(-3).
4
Let o = -36 + 50. Calculate the remainder when 67 is divided by o.
11
Suppose z = 2*z - 3*j + 19, z + 29 = 5*j. Let x(c) = 4*c**2 + 5*c + 3. Let k be x(z). Let l = -31 + k. Calculate the remainder when l is divided by 6.
4
Suppose v = -0 + 9. Let d = 20 + v. Calculate the remainder when d is divided by 6.
5
Let s(q) = -5*q. Suppose f - 31 = -2*w + 4*f, 0 = -w + 3*f + 20. Calculate the remainder when s(-4) is divided by w.
9
Let p(g) = -g**3 - 10*g**2 - g + 13. Calculate the remainder when p(-10) is divided by 12.
11
Suppose 0 = -3*i - 2*o + 52, 0 = 5*i + 5*o - 90 + 5. Calculate the remainder when 34 is divided by i.
16
Let v = -38 - -58. Suppose 7*l + 258 = 4*l. Let j = -28 - l. What is the remainder when j is divided by v?
18
Let a(t) = 5*t + 2. What is the remainder when 17 - (3 + -2) - -2 is divided by a(1)?
4
Let i(t) = t - 3. Suppose -5*h = -0*h - 30. Let g be i(h). Suppose 3 = 2*w + 3*u + 6, -u + 13 = g*w. Calculate the remainder when 10 is divided by w.
4
Let s(h) = 11*h + 3. What is the remainder when s(1) is divided by 4?
2
Let c(w) = -32*w + 17. Calculate the remainder when c(-4) is divided by 37.
34
Let q(b) = b**3 - 17*b**2 + 19*b - 21. Calculate the remainder when 79 is divided by q(16).
25
Let s(w) = w**3 + 3*w**2 - 4*w - 5. Calculate the remainder when s(-2) is divided by 3.
1
Suppose 5*r - 15 = 50. Suppose -3*c - r = -h, h - 5*c = -3*h + 45. What is the remainder when 27 is divided by h?
7
Let p be 3/(-2) - (-1)/2. Let c be (5 - 0) + p*2. Suppose -4*x = -c*x - 2. Calculate the remainder when x is divided by 1.
0
Suppose m - 2*n - 10 = -0, 5*n = 2*m - 16. Suppose w + 2 = m. What is the remainder when w is divided by 6?
4
Let b = 33 + -1. Calculate the remainder when b is divided by 11.
10
Let d(f) = -2*f + 3. Let a be d(7). Let u = a + 13. What is the remainder when u is divided by 2?
0
Let c(a) = -a**3 - 2*a**2 + 2. Let q be c(-2). Calculate the remainder when (q - 6)*(-2)/1 is divided by -10*-2*1/4.
3
Suppose 7 = z - 5*n - 40, z - 3*n = 47. What is the remainder when 183 is divided by z?
42
Let p be 6 - (6 + (4 - 8)). Calculate the remainder when 51 is divided by (p/6)/((-6)/(-243)).
24
Let b = -43 - -151. Let g be (4 + -2 - 1)*4. Suppose -b = -5*x + g*t, 39 = 2*x - 0*x - 3*t. What is the remainder when x is divided by 13?
11
Let w(k) = -k**2 - 15*k - 34. What is the remainder when 19 is divided by w(-12)?
1
Suppose 5*p + 2*l + 0*l = 147, -83 = -3*p + 4*l. Calculate the remainder when 114 is divided by p.
27
Let j = -50 + 57. Calculate the remainder when 26 is divided by j.
5
Suppose 0 = 2*v - 4*v + 342. What is the remainder when v is divided by 58?
55
Let d(v) = -v**2 + 6. Let w = -22 + 44. Calculate the remainder when w is divided by d(0).
4
Let f(c) = -13*c - 2. Let h = 14 - 15. What is the remainder when f(h) is divided by 6?
5
What is the remainder when 3 is divided by 3*4/(-24)*(2 + -8)?
0
Suppose c = -4, -2*q - 3*c + 120 = 36. Calculate the remainder when q is divided by 7.
6
Suppose 0 = l + 7 - 70. Let d be l*((-16)/6 - -2). What is the remainder when d/(-4) - 12/(-8) is divided by 7?
5
Let n be 2*126/(-3) + 1. Suppose 0 - 27 = -3*x. What is the remainder when n/(-5) + (-6)/10 is divided by x?
7
Suppose 0 = -0*w + w - 7. Let v = w + 3. Suppose 2*x = -4*f - 11 + 55, -f - 16 = -x. Calculate the remainder when x is divided by v.
8
Suppose 0 = -v + 2*f + 3 + 26, 4*v - 116 = 3*f. Suppose 2*m - 38 = 5*k, -5*m - v + 124 = -4*k. What is the remainder when 55 is divided by m?
17
Suppose -4*b + 33 = 21. Calculate the remainder when 3 is divided by b.
0
Suppose 20 = 5*u - d, -2*u = -3*d - 12 - 9. Suppose 3*p + 4*r = -10, -u*p = 3*r + 3 + 3. Let y(a) = 2*a. What is the remainder when y(2) is divided by p?
0
Let l be (-5)/(-2) + (-1)/(-2). Suppose -87 = -3*x - x - l*q, -5*q = 15. What is the remainder when x is divided by 13?
11
Suppose -2*s = -8*s + 228. What is the remainder when s is divided by 13?
12
Suppose 9 = 5*b - 2*b. Suppose -2*x = -b*x, -a + 3*x = -16. Let n = -16 - -63. Calculate the remainder when n is divided by a.
15
Let n(y) be the second derivative of y**3/6 + y**2/2 - y. Calculate the remainder when n(0) is divided by 1.
0
Suppose -2*g = -0*g + 34. Let p = g - -31. Calculate the remainder when 27 is divided by p.
13
Let i(v) = -29*v + 11. What is the remainder when i(-2) is divided by 18?
15
Let c(q) = -q**2 + 24*q - 29. Calculate the remainder when c(22) is divided by 6.
3
Let g(z) = -z + 2. What is the remainder when 20 is divided by g(-4)?
2
Suppose 5*y = 15, -4*q + 2*y = -y - 75. What is the remainder when 81 is divided by q?
18
Calculate the remainder when (39 - 1)*(-6)/(-4) is divided by 15.
12
Let c(j) = 4*j - 22. What is the remainder when 64 is divided by c(11)?
20
Suppose 62 - 10 = 2*z. Let j = 39 - z. Calculate the remainder when j is divided by 7.
6
Let f(w) = -w - 1. Let k(p) = 3*p + 3. Let q be k(-4). What is the remainder when 13 is divided by f(q)?
5
Let o = -6 + 14. Let t be o/24 - (-19)/(-3). Let j(p) = -p + 4. What is the remainder when j(t) is divided by 3?
1
Let o(q) = q + 17. Calculate the remainder when 47 is divided by o(0).
13
Suppose x - 4*x + 78 = 0. Suppose -2*f - 4*y + 40 = 0, y + 2 = 5. Calculate the remainder when x is divided by f.
12
Let u(z) = z + 1. Let g(o) = -18*o - 6. Let